ist the prime factors of k(m).
2, 17
Let y(s) = s**3 - 14*s**2 + 23*s + 7. Let c be y(12). List the prime factors of 6/c*805/(-7).
2, 3, 23
Suppose 26 + 118 = 2*x. Let m = 166 - x. What are the prime factors of m?
2, 47
Let z(m) = m**3 + 9*m**2 - 40*m - 19. What are the prime factors of z(11)?
37, 53
Let i(f) = -3*f**2 + 3*f**2 + 5 - 7*f - f**2 + 2*f**2. What are the prime factors of i(-7)?
103
Let l(s) = -262*s**3 - 3*s**2 - 4*s. List the prime factors of l(-2).
2, 523
Let r(w) = w**2 + 10*w - 334. What are the prime factors of r(-31)?
317
Let n(j) = 2*j + 57. List the prime factors of n(0).
3, 19
Let b(u) = 2*u**2 + 4*u - 3. Suppose -16 = 32*f - 30*f. List the prime factors of b(f).
3, 31
What are the prime factors of (4 + (-91)/21)/((-3)/4185)?
3, 5, 31
Let p = 301 - 479. Let d = 265 + p. List the prime factors of d.
3, 29
Let l(x) = -x**3 + 11*x**2 - 2*x + 9. Let n be l(7). Suppose 0 = 2*q - 165 - n. List the prime factors of q.
2, 89
Let h(t) be the third derivative of -t**5/60 - t**4/3 + 4*t**3/3 + t**2. Let l be (-42)/(-4)*(75/9 + -9). What are the prime factors of h(l)?
3, 5
Let v = -913 - -1296. What are the prime factors of v?
383
Suppose -5*y + 639 = -3*g, 642 = 5*y - 2*g - 2*g. List the prime factors of y.
2, 3, 7
Suppose -5*z = 4*m - 363, 2*m = 7*m - 2*z - 495. Let h(l) = -5*l**3 - l**2 + l + 1. Let s be h(-1). What are the prime factors of m/3 + s/6?
3, 11
Suppose -3*v - 100 = -v. Let s = v - -54. What are the prime factors of s?
2
Let k(l) = l**3 - l**2 + l - 1. Let o be k(0). Let x be 2/(-6)*-3 - o. Suppose 0 = -5*f - 5*s - 47 + 197, -3*s = -x*f + 75. What are the prime factors of f?
3, 11
Suppose 5*q = 5*p + 450, -5*q = -q - 3*p - 363. Let z(j) = -2*j**2 - 26*j - 52. Let d be z(-10). Suppose d*t - q = 5*t. What are the prime factors of t?
31
Suppose 6*x - 4*x = 18. List the prime factors of (-1166)/(-18) + 2/x.
5, 13
Let o be 2/4 - (-11)/22. What are the prime factors of (237/(-6))/o*(-11 - -9)?
79
List the prime factors of (-172270)/(-250) - (-8)/(-100).
13, 53
Let r(h) = 3*h + 21. Let m be r(-9). Let p be 38/9 + m/27. Suppose 4*y - v - 171 = 2*v, -p*y = -5*v - 173. List the prime factors of y.
2, 3, 7
Let t be (68/(-9))/(38/(-171)). Let o = 218 - t. List the prime factors of o.
2, 23
Suppose 4*t = 4*h + 40, -4*h + 2*t - 6*t = 72. Let m = 47 + h. List the prime factors of m.
3, 11
Let g(s) = 53*s + 6. Let o be g(4). Let n = -153 + o. Suppose -4*i - 69 = -3*d - i, 5*i - n = -5*d. What are the prime factors of d?
2, 3
Suppose -4*o = -4*h + 36, -3*h + 48 = 6*o - 2*o. Let q = 30 + h. Suppose 6*g - 3*g - q = 0. What are the prime factors of g?
2, 7
Suppose -6*b = 5*a - 3*b - 25, a - 22 = -4*b. Suppose f + w = 238, a*f = -2*f + 5*w + 925. List the prime factors of f.
5, 47
Let h = 55 - 48. Suppose k = -h + 44. List the prime factors of k.
37
Suppose 2*b + 4*d = 20, -27 = -4*b + d + 4*d. Let o = -6 + b. Suppose 3*u - 34 = -4*y - 8, -28 = -3*y + o*u. List the prime factors of y.
2
Suppose 2*y + 8 = c, 0 = 5*c - 0*c + 3*y - 1. Suppose -c*t = -t. Let v(b) = b**2 + 8. What are the prime factors of v(t)?
2
Suppose 5*z = 3*u + 256, -3*z - 5*u - 197 = -7*z. Let w = -46 + z. List the prime factors of w.
7
Suppose -9*p + 13*p = -24. Let v(j) = -2*j**3 - 4*j**2 + 13*j + 25. What are the prime factors of v(p)?
5, 47
Let m(r) = -r**3 + 12*r**2 - 13*r - 2. Let t be m(6). Suppose -5*h - 5*c + 50 = 0, -2*c - 15 = -5*h - 0. Suppose h*q - t = q. What are the prime factors of q?
2, 17
Suppose 5*m - 867 = 1038. Let p = m + -230. List the prime factors of p.
151
Suppose -2*j + 3*j = 38. Suppose 179 = 3*g + 14. Let z = g - j. List the prime factors of z.
17
Let l = 100 - 188. Let q = l + 29. Let a = q - -86. List the prime factors of a.
3
Let n be (1 + -2)/((-25)/(-250)). What are the prime factors of 14*(5/n - -2)?
3, 7
Let y(d) = -81*d. Let o(v) = 6*v**2 - 4 + 3 + 8*v - 20*v - 5*v**2. Let w be o(12). List the prime factors of y(w).
3
Let u be 54*2/(-6)*-2. Suppose 3*f - f + u = 0. Let i = 27 + f. List the prime factors of i.
3
Let p = -541 - -993. Suppose -4*t = -5*b + p, 5*b - 276 - 188 = -2*t. List the prime factors of b.
2, 23
Let r = 597 + 1665. What are the prime factors of r?
2, 3, 13, 29
Let v = -3 - -8. Let m be 3 - (21/84)/(1/4). Suppose v*r - 301 = -m*r. What are the prime factors of r?
43
Suppose 0 = -a + 5*x - 11, 0*x + 3*x + 11 = 5*a. Suppose 0 = -5*c + 3*t + a + 6, 10 = -2*c + 4*t. List the prime factors of c.
5
Let m = -84 - -80. List the prime factors of 51/(m*(-5)/60).
3, 17
Suppose 3*g - 90*t + 89*t = 6203, -3*t = -4*g + 8274. What are the prime factors of g?
3, 13, 53
Suppose 3*o - d - 5720 = 0, 3*d - 7678 = -4*o - 60. List the prime factors of o.
2, 953
Suppose 0 = -11*m + 8*m + 948. List the prime factors of m.
2, 79
Suppose -k - 3*f - 15 = 2*k, 4*k - 4 = 4*f. Let d(o) be the third derivative of o**5/5 + o**4/6 + 5*o**3/6 + 72*o**2. What are the prime factors of d(k)?
3, 5
Suppose 4*g - 5*g = -11. Suppose -4*b + 3*x + 15 = 0, 4*b = 4*x + g + 5. Suppose -5*m = 2*k + 3, 0 = -3*k - 2*k - b*m + 40. List the prime factors of k.
11
Let g(t) = -3*t - 1 + 5*t + 0*t + 10. Let b be g(-6). Let f(z) = z**2 - 4*z - 2. What are the prime factors of f(b)?
19
Suppose 5*u - 16 = u, 4*u = 3*w + 4. Suppose w*v + 7*t + 18 = 5*t, 3*v + 20 = 5*t. Let d(g) = -g**3 - 5*g**2 + g + 7. List the prime factors of d(v).
2
Let k be 9*((-52)/(-12) + -4). Suppose -12 - 93 = -k*d. What are the prime factors of d?
5, 7
Suppose -4*i + 208 + 2836 = 0. What are the prime factors of i?
761
Suppose f - 3*a - 6 = 4, -3*f + 20 = -4*a. Let o be 0*(-2 - 15/(-6)). Suppose -f*u + 60 = -o*u. What are the prime factors of u?
3, 5
Let b(o) = o**3 + 12*o**2. Let u be b(-12). Suppose u = 2*l - 25*l + 5382. What are the prime factors of l?
2, 3, 13
Let n(r) = 2*r**2 + 6 - 47*r - 4*r**2 + 0*r**2 - 19. List the prime factors of n(-20).
127
Let z = 91 - 88. Suppose z*u = 0, -4*u - 755 = -3*x - 221. What are the prime factors of x?
2, 89
Let l = 469 - 148. List the prime factors of l.
3, 107
What are the prime factors of (-3 + 2)/((-1569)/(-314) + -5)?
2, 157
Let y(w) = 18*w - 113. What are the prime factors of y(25)?
337
Let v = -122 - -62. Let n = v + 86. What are the prime factors of n?
2, 13
Suppose -5*g = -z + 266, 5*z - 928 = -g + 298. Let k = -148 + z. What are the prime factors of k?
2, 7
Let g(t) = 25*t**2 + 10*t - 91. List the prime factors of g(8).
7, 227
Suppose t = -f + 4*f + 14, -2*f = 4*t - 14. Suppose 4*k + 0*p - 5*p - 204 = 0, 0 = -t*k - p + 255. List the prime factors of k.
3, 17
Let t be 5/2 - (-1)/(-2). Let n(u) = -21*u**t + 17 + u - 25*u**2 + 47*u**2. List the prime factors of n(0).
17
Let z(b) = 2005*b**2 - 21*b + 4. What are the prime factors of z(1)?
2, 7, 71
Let n(d) = d - 14. Let q be n(16). What are the prime factors of 68/((0 + (3 - 1))/q)?
2, 17
Suppose p - 15 = -4*p. Suppose -k + 3*y - 3 = 0, -k = y + y + p. List the prime factors of -3 + (-13)/3*k.
2, 5
Suppose 8 = 3*q + 2. Suppose -q*d = z - 92, -3*d = -z + 4*z - 138. What are the prime factors of d?
2, 23
What are the prime factors of (-270)/(-24)*144/4?
3, 5
Suppose 0*a = -5*a + 50. Suppose a = -0*t - 2*t, 4*d + 2*t - 146 = 0. List the prime factors of d.
3, 13
What are the prime factors of (-6)/3 + 7 + (366 - 11)?
2, 3, 5
Suppose -2*h - 2*p = -6*p + 14, -2*h - 5*p = -13. Let o(r) = -r - 1. Let z be o(h). List the prime factors of (z + -1)/((-3)/15).
5
Suppose -g = -5*z - 1536, 11*g + 5*z = 6*g + 7530. What are the prime factors of g?
1511
Suppose 0 = -3*q + r + 48, -4*q - 3*r - r + 64 = 0. What are the prime factors of 1155/20 - 12/q?
3, 19
Suppose -3*k + 5*t = -251, 5*k = -0*k + 3*t + 429. Let o be 5/2 + (-2)/(-4). Suppose k = o*a + 3*b, -a = a - b - 46. What are the prime factors of a?
5
Let x = -17 - -17. What are the prime factors of (-2)/(2 - x) + 38?
37
Let k = 19 - 31. Let u = -8 - k. Suppose 4*i - 6*i = -f - 34, -8 = -i - u*f. List the prime factors of i.
2
Let t = 1693 + -1012. What are the prime factors of t?
3, 227
Let a(z) = -z**3 - 9*z**2 - 6*z - 8. Let t be a(-7). Let f = -9 - 13. Let s = f - t. List the prime factors of s.
2, 3, 7
Let x = 905 + -551. What are the prime factors of x?
2, 3, 59
Let d(q) = -q**2 - 5*q + 2. Let l be d(-5). Suppose 3*h - 2 = 4*v, -2*h - 8 = l*v - 0*v. Li